8061
List the prime factors of 1149362.
2, 61, 9421
List the prime factors of 6165115.
5, 11, 197, 569
What are the prime factors of 210808?
2, 13, 2027
What are the prime factors of 35759682?
2, 3, 7, 283807
List the prime factors of 421889.
13, 17, 23, 83
List the prime factors of 689645.
5, 11, 12539
List the prime factors of 380124.
2, 3, 10559
What are the prime factors of 1347549?
3, 7, 89, 103
What are the prime factors of 112002?
2, 3, 11, 1697
List the prime factors of 8228499.
3, 1151, 2383
What are the prime factors of 8654926?
2, 7, 67, 9227
What are the prime factors of 4850575?
5, 251, 773
List the prime factors of 49642.
2, 24821
List the prime factors of 18203883.
3, 271, 22391
What are the prime factors of 29495?
5, 17, 347
What are the prime factors of 86045?
5, 17209
What are the prime factors of 995713?
995713
What are the prime factors of 7124666?
2, 17, 209549
List the prime factors of 7062339.
3, 263, 8951
What are the prime factors of 631783?
113, 5591
List the prime factors of 1054398.
2, 3, 47, 3739
What are the prime factors of 294961?
137, 2153
What are the prime factors of 463841?
7, 23, 43, 67
List the prime factors of 224576.
2, 11, 29
What are the prime factors of 2998850?
2, 5, 37, 1621
What are the prime factors of 8377292?
2, 7, 11, 59, 461
List the prime factors of 1636737.
3, 545579
List the prime factors of 709521.
3, 236507
What are the prime factors of 68302?
2, 13, 37, 71
List the prime factors of 1706235.
3, 5, 113749
List the prime factors of 585748.
2, 146437
What are the prime factors of 11873820?
2, 3, 5, 7, 17, 1663
List the prime factors of 92809.
92809
List the prime factors of 3503894.
2, 1751947
What are the prime factors of 9655844?
2, 11, 219451
List the prime factors of 2570640.
2, 3, 5, 10711
What are the prime factors of 2454338?
2, 223, 5503
List the prime factors of 651001.
13, 50077
List the prime factors of 22448151.
3, 11, 75583
What are the prime factors of 1476620?
2, 5, 17, 43, 101
List the prime factors of 134007.
3, 19, 2351
List the prime factors of 411683.
411683
List the prime factors of 3757615.
5, 751523
What are the prime factors of 2043664?
2, 7, 71, 257
What are the prime factors of 34367?
34367
What are the prime factors of 4638886?
2, 7, 331349
List the prime factors of 996317.
7, 20333
List the prime factors of 6369355.
5, 67, 19013
What are the prime factors of 4258487?
887, 4801
List the prime factors of 54321.
3, 19, 953
List the prime factors of 5798822.
2, 1601, 1811
What are the prime factors of 1456783?
31, 46993
What are the prime factors of 11804215?
5, 2360843
What are the prime factors of 1018217?
1018217
List the prime factors of 285206.
2, 59, 2417
List the prime factors of 772196.
2, 71, 2719
List the prime factors of 2651375.
5, 21211
What are the prime factors of 4956648?
2, 3, 206527
List the prime factors of 35856433.
4793, 7481
List the prime factors of 1993824.
2, 3, 7, 23, 43
List the prime factors of 638912.
2, 67, 149
What are the prime factors of 8661411?
3, 11, 9721
What are the prime factors of 2810351?
43, 65357
List the prime factors of 61356.
2, 3, 5113
List the prime factors of 2194652.
2, 19, 67, 431
What are the prime factors of 1335110?
2, 5, 7, 19073
List the prime factors of 806811.
3, 268937
What are the prime factors of 466037?
11, 13, 3259
List the prime factors of 295875.
3, 5, 263
What are the prime factors of 174699?
3, 7, 47, 59
List the prime factors of 2766.
2, 3, 461
List the prime factors of 19994261.
7, 17, 401, 419
What are the prime factors of 729853?
503, 1451
What are the prime factors of 1479495?
3, 5, 53, 1861
List the prime factors of 2321815.
5, 421, 1103
List the prime factors of 226114.
2, 7, 31, 521
What are the prime factors of 939204?
2, 3, 7, 3727
List the prime factors of 1330368.
2, 3, 13, 41
List the prime factors of 1441723.
1441723
List the prime factors of 15927760.
2, 5, 37, 5381
What are the prime factors of 6148459?
6148459
List the prime factors of 33067.
43, 769
List the prime factors of 1338321.
3, 29, 15383
List the prime factors of 1427865.
3, 5, 95191
What are the prime factors of 5740855?
5, 1148171
What are the prime factors of 11651792?
2, 59, 12343
What are the prime factors of 2275012?
2, 233, 2441
List the prime factors of 1207831.
79, 15289
List the prime factors of 841071.
3, 7, 11, 331
List the prime factors of 2672668.
2, 167, 4001
What are the prime factors of 79461?
3, 109
List the prime factors of 75920.
2, 5, 13, 73
What are the prime factors of 1352019?
3, 271, 1663
List the prime factors of 8250956.
2, 7, 467, 631
What are the prime factors of 543572?
2, 135893
What are the prime factors of 30333248?
2, 11, 3917
List the prime factors of 323443.
323443
What are the prime factors of 404419?
404419
List the prime factors of 1011918.
2, 3, 191, 883
List the prime factors of 5972072.
2, 746509
What are the prime factors of 618975?
3, 5, 7, 131
What are the prime factors of 7031351?
53, 132667
What are the prime factors of 27614844?
2, 3, 29, 2939
What are the prime factors of 79069?
37, 2137
List the prime factors of 2557235.
5, 511447
List the prime factors of 2962428.
2, 3, 7, 35267
List the prime factors of 425768.
2, 7, 7603
What are the prime factors of 17830103?
17830103
List the prime factors of 2645516.
2, 173, 3823
What are the prime factors of 281892?
2, 3, 13, 139
List the prime factors of 5109450.
2, 3, 5, 23, 1481
List the prime factors of 201008.
2, 17, 739
What are the prime factors of 930804?
2, 3, 7, 1583
What are the prime factors of 1533762?
2, 3, 28403
What are the prime factors of 210489?
3, 70163
What are the prime factors of 1037109?
3, 523, 661
List the prime factors of 2688159.
3, 17, 52709
List the prime factors of 222011.
222011
List the prime factors of 505650.
2, 3, 5, 3371
List the prime factors of 227942.
2, 11, 13, 797
What are the prime factors of 1231027?
7, 37, 97
List the prime factors of 6268097.
11, 79, 7213
What are the prime factors of 298416?
2, 3, 6217
What are the prime factors of 1521108?
2, 3, 29, 31, 47
What are the prime factors of 600000?
2, 3, 5
What are the prime factors of 15733781?
7, 113, 19891
What are the prime factors of 281070?
2, 3, 5, 347
What are the prime factors of 31443942?
2, 3, 677, 7741
List the prime factors of 72083.
11, 6553
List the prime factors of 15670561.
15670561
List the prime factors of 199685.
5, 39937
What are the prime factors of 3075922?
2, 1537961
List the prime factors of 125543.
11, 101, 113
What are the prime factors of 8315962?
2, 4157981
What are the prime factors of 262969?
7, 37567
What are the prime factors of 944066?
2, 29, 41, 397
List the prime factors of 5018180.
2, 5, 83, 3023
List the prime factors of 8137062.
2, 3, 43, 10513
What are the prime factors of 250028?
2, 62507
What are the prime factors of 137266?
2, 68633
What are the prime factors of 2530320?
2, 3, 5, 13, 811
What are the prime factors of 31022?
2, 15511
What are the prime factors of 3080?
2, 5, 7, 11
What are the prime factors of 888545?
5, 7, 53, 479
List the prime factors of 51811.
197, 263
List the prime factors of 777857.
777857
List the prime factors of 8267693.
7, 1181099
List the prime factors of 1188925.
5, 19, 2503
List the prime factors of 10730284.
2, 241, 11131
List the prime factors of 275377.
383, 719
What are the prime factors of 133394?
2, 66697
List the prime factors of 59616.
2, 3, 23
What are the prime factors of 1321882?
2, 660941
List the prime factors of 2613434.
2, 1306717
List the prime factors of 474035.
5, 113, 839
List the prime factors of 223933.
151, 1483
What are the prime factors of 2901442?
2, 127, 11423
What are the prime factors of 3424229?
31, 110459
List the prime factors of 7806190.
2, 5, 7, 89, 179
List the prime factors of 9290569.
1103, 8423
What are the prime factors of 431530?
2, 5, 11, 3923
List the prime factors of 216827.
13, 1283
List the prime factors of 1413352.
2, 31, 41, 139
List the prime factors of 14763389.
1117, 13217
What are the prime factors of 3462137?
7, 494591
List the prime factors of 5793448.
2, 181, 4001
List the prime factors of 48442.
2, 53, 457
List the prime factors of 18347921.
18347921
What are the prime factors of 1876325?
5, 11, 6823
What are the p